{"id":155,"date":"2023-09-14T23:58:26","date_gmt":"2023-09-15T02:58:26","guid":{"rendered":"https:\/\/aiache.pos.tec.br\/?page_id=155"},"modified":"2024-04-17T19:13:09","modified_gmt":"2024-04-17T22:13:09","slug":"artigos","status":"publish","type":"page","link":"https:\/\/aiache.pos.tec.br\/index.php\/artigos\/","title":{"rendered":"Artigos"},"content":{"rendered":"\t\t<div data-elementor-type=\"wp-page\" data-elementor-id=\"155\" class=\"elementor elementor-155\" data-elementor-post-type=\"page\">\n\t\t\t\t\t\t<section class=\"elementor-section elementor-top-section elementor-element elementor-element-5bc5fa2a elementor-section-boxed elementor-section-height-default elementor-section-height-default\" data-id=\"5bc5fa2a\" data-element_type=\"section\" data-settings=\"{&quot;background_background&quot;:&quot;classic&quot;}\">\n\t\t\t\t\t\t\t<div class=\"elementor-background-overlay\"><\/div>\n\t\t\t\t\t\t\t<div class=\"elementor-container elementor-column-gap-default\">\n\t\t\t\t\t<div class=\"elementor-column elementor-col-100 elementor-top-column elementor-element elementor-element-29e4dd53\" data-id=\"29e4dd53\" data-element_type=\"column\">\n\t\t\t<div class=\"elementor-widget-wrap elementor-element-populated\">\n\t\t\t\t\t\t<div class=\"elementor-element elementor-element-7868c6f9 elementor-widget elementor-widget-heading\" data-id=\"7868c6f9\" data-element_type=\"widget\" data-widget_type=\"heading.default\">\n\t\t\t\t<div class=\"elementor-widget-container\">\n\t\t\t\t\t<h3 class=\"elementor-heading-title elementor-size-default\">Artigos<\/h3>\t\t\t\t<\/div>\n\t\t\t\t<\/div>\n\t\t\t\t<div class=\"elementor-element elementor-element-6f8a2bae elementor-widget elementor-widget-heading\" data-id=\"6f8a2bae\" data-element_type=\"widget\" data-widget_type=\"heading.default\">\n\t\t\t\t<div class=\"elementor-widget-container\">\n\t\t\t\t\t<h6 class=\"elementor-heading-title elementor-size-default\">In\u00edcio \/ Artigos<\/h6>\t\t\t\t<\/div>\n\t\t\t\t<\/div>\n\t\t\t\t\t<\/div>\n\t\t<\/div>\n\t\t\t\t\t<\/div>\n\t\t<\/section>\n\t\t<div class=\"elementor-element elementor-element-8545fe7 e-flex e-con-boxed e-con e-parent\" data-id=\"8545fe7\" data-element_type=\"container\">\n\t\t\t\t\t<div class=\"e-con-inner\">\n\t\t\t\t\t<\/div>\n\t\t\t\t<\/div>\n\t\t\t\t<section class=\"elementor-section elementor-top-section elementor-element elementor-element-691d1955 elementor-section-boxed elementor-section-height-default elementor-section-height-default\" data-id=\"691d1955\" data-element_type=\"section\" data-settings=\"{&quot;background_background&quot;:&quot;classic&quot;}\">\n\t\t\t\t\t\t<div class=\"elementor-container elementor-column-gap-default\">\n\t\t\t\t\t<div class=\"elementor-column elementor-col-100 elementor-top-column elementor-element elementor-element-1620c036\" data-id=\"1620c036\" data-element_type=\"column\">\n\t\t\t<div class=\"elementor-widget-wrap elementor-element-populated\">\n\t\t\t\t\t\t<div class=\"elementor-element elementor-element-509246e6 elementor-widget elementor-widget-spacer\" data-id=\"509246e6\" data-element_type=\"widget\" data-widget_type=\"spacer.default\">\n\t\t\t\t<div class=\"elementor-widget-container\">\n\t\t\t\t\t\t\t<div class=\"elementor-spacer\">\n\t\t\t<div class=\"elementor-spacer-inner\"><\/div>\n\t\t<\/div>\n\t\t\t\t\t\t<\/div>\n\t\t\t\t<\/div>\n\t\t\t\t<div class=\"elementor-element elementor-element-e6dd77e elementor-grid-3 elementor-grid-tablet-2 elementor-grid-mobile-1 elementor-posts--thumbnail-top elementor-posts--show-avatar elementor-card-shadow-yes elementor-posts__hover-gradient elementor-widget elementor-widget-posts\" data-id=\"e6dd77e\" data-element_type=\"widget\" data-settings=\"{&quot;cards_columns&quot;:&quot;3&quot;,&quot;cards_columns_tablet&quot;:&quot;2&quot;,&quot;cards_columns_mobile&quot;:&quot;1&quot;,&quot;cards_row_gap&quot;:{&quot;unit&quot;:&quot;px&quot;,&quot;size&quot;:35,&quot;sizes&quot;:[]},&quot;cards_row_gap_tablet&quot;:{&quot;unit&quot;:&quot;px&quot;,&quot;size&quot;:&quot;&quot;,&quot;sizes&quot;:[]},&quot;cards_row_gap_mobile&quot;:{&quot;unit&quot;:&quot;px&quot;,&quot;size&quot;:&quot;&quot;,&quot;sizes&quot;:[]}}\" data-widget_type=\"posts.cards\">\n\t\t\t\t<div class=\"elementor-widget-container\">\n\t\t\t\t\t\t\t<div class=\"elementor-posts-container elementor-posts elementor-posts--skin-cards elementor-grid\">\n\t\t\t\t<article class=\"elementor-post elementor-grid-item post-1178 post type-post status-publish format-standard has-post-thumbnail hentry category-post\">\n\t\t\t<div class=\"elementor-post__card\">\n\t\t\t\t<a class=\"elementor-post__thumbnail__link\" href=\"https:\/\/aiache.pos.tec.br\/index.php\/2024\/04\/23\/novo\/\" tabindex=\"-1\" target=\"_blank\"><div class=\"elementor-post__thumbnail\"><img fetchpriority=\"high\" decoding=\"async\" width=\"1920\" height=\"1280\" src=\"https:\/\/aiache.pos.tec.br\/wp-content\/uploads\/2023\/10\/Direito-Eleitoral-2.png\" class=\"attachment-full size-full wp-image-614\" alt=\"\" srcset=\"https:\/\/aiache.pos.tec.br\/wp-content\/uploads\/2023\/10\/Direito-Eleitoral-2.png 1920w, https:\/\/aiache.pos.tec.br\/wp-content\/uploads\/2023\/10\/Direito-Eleitoral-2-300x200.png 300w, https:\/\/aiache.pos.tec.br\/wp-content\/uploads\/2023\/10\/Direito-Eleitoral-2-1024x683.png 1024w, https:\/\/aiache.pos.tec.br\/wp-content\/uploads\/2023\/10\/Direito-Eleitoral-2-768x512.png 768w, https:\/\/aiache.pos.tec.br\/wp-content\/uploads\/2023\/10\/Direito-Eleitoral-2-1536x1024.png 1536w\" sizes=\"(max-width: 1920px) 100vw, 1920px\" \/><\/div><\/a>\n\t\t\t\t<div class=\"elementor-post__badge\">Post<\/div>\n\t\t\t\t<div class=\"elementor-post__avatar\">\n\t\t\t<img alt='website' src='https:\/\/secure.gravatar.com\/avatar\/dd6a1793b4dd33895f37d72f71eb7a9dc1bbe45388b66b9f40837b8cc640f37d?s=128&#038;d=mm&#038;r=g' srcset='https:\/\/secure.gravatar.com\/avatar\/dd6a1793b4dd33895f37d72f71eb7a9dc1bbe45388b66b9f40837b8cc640f37d?s=256&#038;d=mm&#038;r=g 2x' class='avatar avatar-128 photo' height='128' width='128' \/>\t\t<\/div>\n\t\t\t\t<div class=\"elementor-post__text\">\n\t\t\t\t<h3 class=\"elementor-post__title\">\n\t\t\t<a href=\"https:\/\/aiache.pos.tec.br\/index.php\/2024\/04\/23\/novo\/\" target=&quot;_blank&quot;>\n\t\t\t\tNovo\t\t\t<\/a>\n\t\t<\/h3>\n\t\t\t\t\t<div class=\"elementor-post__read-more-wrapper\">\n\t\t\n\t\t<a class=\"elementor-post__read-more\" href=\"https:\/\/aiache.pos.tec.br\/index.php\/2024\/04\/23\/novo\/\" aria-label=\"Read more about Novo\" tabindex=\"-1\" target=\"_blank\">\n\t\t\tSaiba Mais \u00bb\t\t<\/a>\n\n\t\t\t\t\t<\/div>\n\t\t\t\t<\/div>\n\t\t\t\t<div class=\"elementor-post__meta-data\">\n\t\t\t\t\t<span class=\"elementor-post-author\">\n\t\t\twebsite\t\t<\/span>\n\t\t\t\t<span class=\"elementor-post-date\">\n\t\t\t23 de April de 2024\t\t<\/span>\n\t\t\t\t<\/div>\n\t\t\t\t\t<\/div>\n\t\t<\/article>\n\t\t\t\t<article class=\"elementor-post elementor-grid-item post-1175 post type-post status-publish format-standard has-post-thumbnail hentry category-artigo category-post\">\n\t\t\t<div class=\"elementor-post__card\">\n\t\t\t\t<a class=\"elementor-post__thumbnail__link\" href=\"https:\/\/aiache.pos.tec.br\/index.php\/2024\/04\/23\/novo-posto-para-o-site\/\" tabindex=\"-1\" target=\"_blank\"><div class=\"elementor-post__thumbnail\"><img decoding=\"async\" width=\"1700\" height=\"2560\" src=\"https:\/\/aiache.pos.tec.br\/wp-content\/uploads\/2023\/10\/DSC_0751-2-scaled.jpg\" class=\"attachment-full size-full wp-image-517\" alt=\"\" srcset=\"https:\/\/aiache.pos.tec.br\/wp-content\/uploads\/2023\/10\/DSC_0751-2-scaled.jpg 1700w, https:\/\/aiache.pos.tec.br\/wp-content\/uploads\/2023\/10\/DSC_0751-2-199x300.jpg 199w, https:\/\/aiache.pos.tec.br\/wp-content\/uploads\/2023\/10\/DSC_0751-2-680x1024.jpg 680w, https:\/\/aiache.pos.tec.br\/wp-content\/uploads\/2023\/10\/DSC_0751-2-768x1156.jpg 768w, https:\/\/aiache.pos.tec.br\/wp-content\/uploads\/2023\/10\/DSC_0751-2-1020x1536.jpg 1020w, https:\/\/aiache.pos.tec.br\/wp-content\/uploads\/2023\/10\/DSC_0751-2-1360x2048.jpg 1360w\" sizes=\"(max-width: 1700px) 100vw, 1700px\" \/><\/div><\/a>\n\t\t\t\t<div class=\"elementor-post__badge\">Artigos<\/div>\n\t\t\t\t<div class=\"elementor-post__avatar\">\n\t\t\t<img alt='website' src='https:\/\/secure.gravatar.com\/avatar\/dd6a1793b4dd33895f37d72f71eb7a9dc1bbe45388b66b9f40837b8cc640f37d?s=128&#038;d=mm&#038;r=g' srcset='https:\/\/secure.gravatar.com\/avatar\/dd6a1793b4dd33895f37d72f71eb7a9dc1bbe45388b66b9f40837b8cc640f37d?s=256&#038;d=mm&#038;r=g 2x' class='avatar avatar-128 photo' height='128' width='128' \/>\t\t<\/div>\n\t\t\t\t<div class=\"elementor-post__text\">\n\t\t\t\t<h3 class=\"elementor-post__title\">\n\t\t\t<a href=\"https:\/\/aiache.pos.tec.br\/index.php\/2024\/04\/23\/novo-posto-para-o-site\/\" target=&quot;_blank&quot;>\n\t\t\t\tNovo posto para o site\t\t\t<\/a>\n\t\t<\/h3>\n\t\t\t\t\t<div class=\"elementor-post__read-more-wrapper\">\n\t\t\n\t\t<a class=\"elementor-post__read-more\" href=\"https:\/\/aiache.pos.tec.br\/index.php\/2024\/04\/23\/novo-posto-para-o-site\/\" aria-label=\"Read more about Novo posto para o site\" tabindex=\"-1\" target=\"_blank\">\n\t\t\tSaiba Mais \u00bb\t\t<\/a>\n\n\t\t\t\t\t<\/div>\n\t\t\t\t<\/div>\n\t\t\t\t<div class=\"elementor-post__meta-data\">\n\t\t\t\t\t<span class=\"elementor-post-author\">\n\t\t\twebsite\t\t<\/span>\n\t\t\t\t<span class=\"elementor-post-date\">\n\t\t\t23 de April de 2024\t\t<\/span>\n\t\t\t\t<\/div>\n\t\t\t\t\t<\/div>\n\t\t<\/article>\n\t\t\t\t<article class=\"elementor-post elementor-grid-item post-1126 post type-post status-publish format-standard has-post-thumbnail hentry category-artigo category-civil tag-direito-das-obrigacoes tag-direito-de-familia tag-lei-de-direito-civel\">\n\t\t\t<div class=\"elementor-post__card\">\n\t\t\t\t<a class=\"elementor-post__thumbnail__link\" href=\"https:\/\/aiache.pos.tec.br\/index.php\/2024\/01\/30\/conheca-a-lei-de-direito-civel-e-seus-impactos-na-sociedade\/\" tabindex=\"-1\" target=\"_blank\"><div class=\"elementor-post__thumbnail\"><img decoding=\"async\" width=\"1707\" height=\"2560\" src=\"https:\/\/aiache.pos.tec.br\/wp-content\/uploads\/2024\/01\/image-1706661215-scaled.webp\" class=\"attachment-full size-full wp-image-1125\" alt=\"\" \/><\/div><\/a>\n\t\t\t\t<div class=\"elementor-post__badge\">Artigos<\/div>\n\t\t\t\t<div class=\"elementor-post__avatar\">\n\t\t\t<img alt='website' src='https:\/\/secure.gravatar.com\/avatar\/dd6a1793b4dd33895f37d72f71eb7a9dc1bbe45388b66b9f40837b8cc640f37d?s=128&#038;d=mm&#038;r=g' srcset='https:\/\/secure.gravatar.com\/avatar\/dd6a1793b4dd33895f37d72f71eb7a9dc1bbe45388b66b9f40837b8cc640f37d?s=256&#038;d=mm&#038;r=g 2x' class='avatar avatar-128 photo' height='128' width='128' \/>\t\t<\/div>\n\t\t\t\t<div class=\"elementor-post__text\">\n\t\t\t\t<h3 class=\"elementor-post__title\">\n\t\t\t<a href=\"https:\/\/aiache.pos.tec.br\/index.php\/2024\/01\/30\/conheca-a-lei-de-direito-civel-e-seus-impactos-na-sociedade\/\" target=&quot;_blank&quot;>\n\t\t\t\tConhe\u00e7a a Lei de Direito C\u00edvel e seus impactos na sociedade\t\t\t<\/a>\n\t\t<\/h3>\n\t\t\t\t\t<div class=\"elementor-post__read-more-wrapper\">\n\t\t\n\t\t<a class=\"elementor-post__read-more\" href=\"https:\/\/aiache.pos.tec.br\/index.php\/2024\/01\/30\/conheca-a-lei-de-direito-civel-e-seus-impactos-na-sociedade\/\" aria-label=\"Read more about Conhe\u00e7a a Lei de Direito C\u00edvel e seus impactos na sociedade\" tabindex=\"-1\" target=\"_blank\">\n\t\t\tSaiba Mais \u00bb\t\t<\/a>\n\n\t\t\t\t\t<\/div>\n\t\t\t\t<\/div>\n\t\t\t\t<div class=\"elementor-post__meta-data\">\n\t\t\t\t\t<span class=\"elementor-post-author\">\n\t\t\twebsite\t\t<\/span>\n\t\t\t\t<span class=\"elementor-post-date\">\n\t\t\t30 de January de 2024\t\t<\/span>\n\t\t\t\t<\/div>\n\t\t\t\t\t<\/div>\n\t\t<\/article>\n\t\t\t\t<article class=\"elementor-post elementor-grid-item post-1115 post type-post status-publish format-standard has-post-thumbnail hentry category-post\">\n\t\t\t<div class=\"elementor-post__card\">\n\t\t\t\t<a class=\"elementor-post__thumbnail__link\" href=\"https:\/\/aiache.pos.tec.br\/index.php\/2024\/01\/30\/post-para-teste-de-estudo-de-caso\/\" tabindex=\"-1\" target=\"_blank\"><div class=\"elementor-post__thumbnail\"><img loading=\"lazy\" decoding=\"async\" width=\"1920\" height=\"1280\" src=\"https:\/\/aiache.pos.tec.br\/wp-content\/uploads\/2023\/09\/hero-08-1.jpg\" class=\"attachment-full size-full wp-image-26\" alt=\"\" srcset=\"https:\/\/aiache.pos.tec.br\/wp-content\/uploads\/2023\/09\/hero-08-1.jpg 1920w, https:\/\/aiache.pos.tec.br\/wp-content\/uploads\/2023\/09\/hero-08-1-300x200.jpg 300w, https:\/\/aiache.pos.tec.br\/wp-content\/uploads\/2023\/09\/hero-08-1-1024x683.jpg 1024w, https:\/\/aiache.pos.tec.br\/wp-content\/uploads\/2023\/09\/hero-08-1-768x512.jpg 768w, https:\/\/aiache.pos.tec.br\/wp-content\/uploads\/2023\/09\/hero-08-1-1536x1024.jpg 1536w\" sizes=\"(max-width: 1920px) 100vw, 1920px\" \/><\/div><\/a>\n\t\t\t\t<div class=\"elementor-post__badge\">Post<\/div>\n\t\t\t\t<div class=\"elementor-post__avatar\">\n\t\t\t<img alt='website' src='https:\/\/secure.gravatar.com\/avatar\/dd6a1793b4dd33895f37d72f71eb7a9dc1bbe45388b66b9f40837b8cc640f37d?s=128&#038;d=mm&#038;r=g' srcset='https:\/\/secure.gravatar.com\/avatar\/dd6a1793b4dd33895f37d72f71eb7a9dc1bbe45388b66b9f40837b8cc640f37d?s=256&#038;d=mm&#038;r=g 2x' class='avatar avatar-128 photo' height='128' width='128' \/>\t\t<\/div>\n\t\t\t\t<div class=\"elementor-post__text\">\n\t\t\t\t<h3 class=\"elementor-post__title\">\n\t\t\t<a href=\"https:\/\/aiache.pos.tec.br\/index.php\/2024\/01\/30\/post-para-teste-de-estudo-de-caso\/\" target=&quot;_blank&quot;>\n\t\t\t\tPost para teste de Estudo de Caso\t\t\t<\/a>\n\t\t<\/h3>\n\t\t\t\t\t<div class=\"elementor-post__read-more-wrapper\">\n\t\t\n\t\t<a class=\"elementor-post__read-more\" href=\"https:\/\/aiache.pos.tec.br\/index.php\/2024\/01\/30\/post-para-teste-de-estudo-de-caso\/\" aria-label=\"Read more about Post para teste de Estudo de Caso\" tabindex=\"-1\" target=\"_blank\">\n\t\t\tSaiba Mais \u00bb\t\t<\/a>\n\n\t\t\t\t\t<\/div>\n\t\t\t\t<\/div>\n\t\t\t\t<div class=\"elementor-post__meta-data\">\n\t\t\t\t\t<span class=\"elementor-post-author\">\n\t\t\twebsite\t\t<\/span>\n\t\t\t\t<span class=\"elementor-post-date\">\n\t\t\t30 de January de 2024\t\t<\/span>\n\t\t\t\t<\/div>\n\t\t\t\t\t<\/div>\n\t\t<\/article>\n\t\t\t\t<article class=\"elementor-post elementor-grid-item post-1073 post type-post status-publish format-standard has-post-thumbnail hentry category-criminal tag-direito-agrario tag-legislacao-agraria tag-reforma-agraria\">\n\t\t\t<div class=\"elementor-post__card\">\n\t\t\t\t<a class=\"elementor-post__thumbnail__link\" href=\"https:\/\/aiache.pos.tec.br\/index.php\/2024\/01\/29\/o-direito-agrario-e-sua-importancia-na-legislacao-brasileira\/\" tabindex=\"-1\" target=\"_blank\"><div class=\"elementor-post__thumbnail\"><img loading=\"lazy\" decoding=\"async\" width=\"1920\" height=\"1280\" src=\"https:\/\/aiache.pos.tec.br\/wp-content\/uploads\/2023\/10\/Direito-Agrario.png\" class=\"attachment-full size-full wp-image-620\" alt=\"\" srcset=\"https:\/\/aiache.pos.tec.br\/wp-content\/uploads\/2023\/10\/Direito-Agrario.png 1920w, https:\/\/aiache.pos.tec.br\/wp-content\/uploads\/2023\/10\/Direito-Agrario-300x200.png 300w, https:\/\/aiache.pos.tec.br\/wp-content\/uploads\/2023\/10\/Direito-Agrario-1024x683.png 1024w, https:\/\/aiache.pos.tec.br\/wp-content\/uploads\/2023\/10\/Direito-Agrario-768x512.png 768w, https:\/\/aiache.pos.tec.br\/wp-content\/uploads\/2023\/10\/Direito-Agrario-1536x1024.png 1536w\" sizes=\"(max-width: 1920px) 100vw, 1920px\" \/><\/div><\/a>\n\t\t\t\t<div class=\"elementor-post__badge\">Direito Criminal<\/div>\n\t\t\t\t<div class=\"elementor-post__avatar\">\n\t\t\t<img alt='Maci Camurca' src='https:\/\/secure.gravatar.com\/avatar\/2582f1bb66f9ef04e73d3c784322c42e31db856e3f868fefc8a5536df6635028?s=128&#038;d=mm&#038;r=g' srcset='https:\/\/secure.gravatar.com\/avatar\/2582f1bb66f9ef04e73d3c784322c42e31db856e3f868fefc8a5536df6635028?s=256&#038;d=mm&#038;r=g 2x' class='avatar avatar-128 photo' height='128' width='128' \/>\t\t<\/div>\n\t\t\t\t<div class=\"elementor-post__text\">\n\t\t\t\t<h3 class=\"elementor-post__title\">\n\t\t\t<a href=\"https:\/\/aiache.pos.tec.br\/index.php\/2024\/01\/29\/o-direito-agrario-e-sua-importancia-na-legislacao-brasileira\/\" target=&quot;_blank&quot;>\n\t\t\t\tO Direito Agr\u00e1rio e sua Import\u00e2ncia na Legisla\u00e7\u00e3o Brasileira\t\t\t<\/a>\n\t\t<\/h3>\n\t\t\t\t\t<div class=\"elementor-post__read-more-wrapper\">\n\t\t\n\t\t<a class=\"elementor-post__read-more\" href=\"https:\/\/aiache.pos.tec.br\/index.php\/2024\/01\/29\/o-direito-agrario-e-sua-importancia-na-legislacao-brasileira\/\" aria-label=\"Read more about O Direito Agr\u00e1rio e sua Import\u00e2ncia na Legisla\u00e7\u00e3o Brasileira\" tabindex=\"-1\" target=\"_blank\">\n\t\t\tSaiba Mais \u00bb\t\t<\/a>\n\n\t\t\t\t\t<\/div>\n\t\t\t\t<\/div>\n\t\t\t\t<div class=\"elementor-post__meta-data\">\n\t\t\t\t\t<span class=\"elementor-post-author\">\n\t\t\tMaci Camurca\t\t<\/span>\n\t\t\t\t<span class=\"elementor-post-date\">\n\t\t\t29 de January de 2024\t\t<\/span>\n\t\t\t\t<\/div>\n\t\t\t\t\t<\/div>\n\t\t<\/article>\n\t\t\t\t<article class=\"elementor-post elementor-grid-item post-1072 post type-post status-publish format-standard has-post-thumbnail hentry category-artigo category-criminal tag-direito-criminal tag-lei-x tag-sistema-juridico\">\n\t\t\t<div class=\"elementor-post__card\">\n\t\t\t\t<a class=\"elementor-post__thumbnail__link\" href=\"https:\/\/aiache.pos.tec.br\/index.php\/2024\/01\/29\/conheca-uma-nova-lei-no-direito-criminal\/\" tabindex=\"-1\" target=\"_blank\"><div class=\"elementor-post__thumbnail\"><img loading=\"lazy\" decoding=\"async\" width=\"2560\" height=\"1707\" src=\"https:\/\/aiache.pos.tec.br\/wp-content\/uploads\/2024\/01\/image-1706555811-scaled.webp\" class=\"attachment-full size-full wp-image-1071\" alt=\"\" \/><\/div><\/a>\n\t\t\t\t<div class=\"elementor-post__badge\">Artigos<\/div>\n\t\t\t\t<div class=\"elementor-post__avatar\">\n\t\t\t<img alt='website' src='https:\/\/secure.gravatar.com\/avatar\/dd6a1793b4dd33895f37d72f71eb7a9dc1bbe45388b66b9f40837b8cc640f37d?s=128&#038;d=mm&#038;r=g' srcset='https:\/\/secure.gravatar.com\/avatar\/dd6a1793b4dd33895f37d72f71eb7a9dc1bbe45388b66b9f40837b8cc640f37d?s=256&#038;d=mm&#038;r=g 2x' class='avatar avatar-128 photo' height='128' width='128' \/>\t\t<\/div>\n\t\t\t\t<div class=\"elementor-post__text\">\n\t\t\t\t<h3 class=\"elementor-post__title\">\n\t\t\t<a href=\"https:\/\/aiache.pos.tec.br\/index.php\/2024\/01\/29\/conheca-uma-nova-lei-no-direito-criminal\/\" target=&quot;_blank&quot;>\n\t\t\t\tConhe\u00e7a uma nova lei no Direito Criminal\t\t\t<\/a>\n\t\t<\/h3>\n\t\t\t\t\t<div class=\"elementor-post__read-more-wrapper\">\n\t\t\n\t\t<a class=\"elementor-post__read-more\" href=\"https:\/\/aiache.pos.tec.br\/index.php\/2024\/01\/29\/conheca-uma-nova-lei-no-direito-criminal\/\" aria-label=\"Read more about Conhe\u00e7a uma nova lei no Direito Criminal\" tabindex=\"-1\" target=\"_blank\">\n\t\t\tSaiba Mais \u00bb\t\t<\/a>\n\n\t\t\t\t\t<\/div>\n\t\t\t\t<\/div>\n\t\t\t\t<div class=\"elementor-post__meta-data\">\n\t\t\t\t\t<span class=\"elementor-post-author\">\n\t\t\twebsite\t\t<\/span>\n\t\t\t\t<span class=\"elementor-post-date\">\n\t\t\t29 de January de 2024\t\t<\/span>\n\t\t\t\t<\/div>\n\t\t\t\t\t<\/div>\n\t\t<\/article>\n\t\t\t\t<\/div>\n\t\t\n\t\t\t\t\t\t<\/div>\n\t\t\t\t<\/div>\n\t\t\t\t\t<\/div>\n\t\t<\/div>\n\t\t\t\t\t<\/div>\n\t\t<\/section>\n\t\t\t\t<section class=\"elementor-section elementor-top-section elementor-element elementor-element-a74a856 elementor-section-boxed elementor-section-height-default elementor-section-height-default\" data-id=\"a74a856\" data-element_type=\"section\" data-settings=\"{&quot;background_background&quot;:&quot;classic&quot;}\">\n\t\t\t\t\t\t\t<div class=\"elementor-background-overlay\"><\/div>\n\t\t\t\t\t\t\t<div class=\"elementor-container elementor-column-gap-default\">\n\t\t\t\t\t<div class=\"elementor-column elementor-col-100 elementor-top-column elementor-element elementor-element-190fe3c\" data-id=\"190fe3c\" data-element_type=\"column\">\n\t\t\t<div class=\"elementor-widget-wrap elementor-element-populated\">\n\t\t\t\t\t\t<div class=\"elementor-element elementor-element-c16c44f elementor-widget elementor-widget-heading\" data-id=\"c16c44f\" data-element_type=\"widget\" data-widget_type=\"heading.default\">\n\t\t\t\t<div class=\"elementor-widget-container\">\n\t\t\t\t\t<h3 class=\"elementor-heading-title elementor-size-default\">Precisa de conselhos de advogados especializados?<\/h3>\t\t\t\t<\/div>\n\t\t\t\t<\/div>\n\t\t\t\t<div class=\"elementor-element elementor-element-4e2ed92 elementor-widget elementor-widget-heading\" data-id=\"4e2ed92\" data-element_type=\"widget\" data-widget_type=\"heading.default\">\n\t\t\t\t<div class=\"elementor-widget-container\">\n\t\t\t\t\t<h3 class=\"elementor-heading-title elementor-size-default\">Agende sua consulta de consultoria conosco!<\/h3>\t\t\t\t<\/div>\n\t\t\t\t<\/div>\n\t\t\t\t<div class=\"elementor-element elementor-element-9eebb62 elementor-widget elementor-widget-spacer\" data-id=\"9eebb62\" data-element_type=\"widget\" data-widget_type=\"spacer.default\">\n\t\t\t\t<div class=\"elementor-widget-container\">\n\t\t\t\t\t\t\t<div class=\"elementor-spacer\">\n\t\t\t<div class=\"elementor-spacer-inner\"><\/div>\n\t\t<\/div>\n\t\t\t\t\t\t<\/div>\n\t\t\t\t<\/div>\n\t\t\t\t<div class=\"elementor-element elementor-element-62cf5d6 elementor-widget-divider--view-line_icon elementor-view-default elementor-widget-divider--element-align-center elementor-widget elementor-widget-divider\" data-id=\"62cf5d6\" data-element_type=\"widget\" data-widget_type=\"divider.default\">\n\t\t\t\t<div class=\"elementor-widget-container\">\n\t\t\t\t\t\t\t<div class=\"elementor-divider\">\n\t\t\t<span class=\"elementor-divider-separator\">\n\t\t\t\t\t\t\t<div class=\"elementor-icon elementor-divider__element\">\n\t\t\t\t\t<i aria-hidden=\"true\" class=\"fas fa-balance-scale\"><\/i><\/div>\n\t\t\t\t\t\t<\/span>\n\t\t<\/div>\n\t\t\t\t\t\t<\/div>\n\t\t\t\t<\/div>\n\t\t\t\t<section class=\"elementor-section elementor-inner-section elementor-element elementor-element-0d951be elementor-section-boxed elementor-section-height-default elementor-section-height-default\" data-id=\"0d951be\" data-element_type=\"section\">\n\t\t\t\t\t\t<div class=\"elementor-container elementor-column-gap-default\">\n\t\t\t\t\t<div class=\"elementor-column elementor-col-50 elementor-inner-column elementor-element elementor-element-20aa8c9\" data-id=\"20aa8c9\" data-element_type=\"column\">\n\t\t\t<div class=\"elementor-widget-wrap elementor-element-populated\">\n\t\t\t\t\t\t<div class=\"elementor-element elementor-element-f06819b elementor-align-right elementor-icon-list--layout-traditional elementor-list-item-link-full_width elementor-widget elementor-widget-icon-list\" data-id=\"f06819b\" data-element_type=\"widget\" data-widget_type=\"icon-list.default\">\n\t\t\t\t<div class=\"elementor-widget-container\">\n\t\t\t\t\t\t\t<ul class=\"elementor-icon-list-items\">\n\t\t\t\t\t\t\t<li class=\"elementor-icon-list-item\">\n\t\t\t\t\t\t\t\t\t\t\t<span class=\"elementor-icon-list-icon\">\n\t\t\t\t\t\t\t<i aria-hidden=\"true\" class=\"fas fa-phone-alt\"><\/i>\t\t\t\t\t\t<\/span>\n\t\t\t\t\t\t\t\t\t\t<span class=\"elementor-icon-list-text\">Ligue-nos para uma ajuda r\u00e1pida!<\/span>\n\t\t\t\t\t\t\t\t\t<\/li>\n\t\t\t\t\t\t<\/ul>\n\t\t\t\t\t\t<\/div>\n\t\t\t\t<\/div>\n\t\t\t\t\t<\/div>\n\t\t<\/div>\n\t\t\t\t<div class=\"elementor-column elementor-col-50 elementor-inner-column elementor-element elementor-element-01b505a\" data-id=\"01b505a\" data-element_type=\"column\">\n\t\t\t<div class=\"elementor-widget-wrap elementor-element-populated\">\n\t\t\t\t\t\t<div class=\"elementor-element elementor-element-46c2196 elementor-widget elementor-widget-heading\" data-id=\"46c2196\" data-element_type=\"widget\" data-widget_type=\"heading.default\">\n\t\t\t\t<div class=\"elementor-widget-container\">\n\t\t\t\t\t<h2 class=\"elementor-heading-title elementor-size-default\">(68)32246324<\/h2>\t\t\t\t<\/div>\n\t\t\t\t<\/div>\n\t\t\t\t\t<\/div>\n\t\t<\/div>\n\t\t\t\t\t<\/div>\n\t\t<\/section>\n\t\t\t\t<div class=\"elementor-element elementor-element-1c1e60b elementor-widget-divider--separator-type-pattern elementor-widget-divider--view-line elementor-widget elementor-widget-divider\" data-id=\"1c1e60b\" data-element_type=\"widget\" data-widget_type=\"divider.default\">\n\t\t\t\t<div class=\"elementor-widget-container\">\n\t\t\t\t\t\t\t<div class=\"elementor-divider\" style=\"--divider-pattern-url: url(&quot;data:image\/svg+xml,%3Csvg xmlns=&#039;http:\/\/www.w3.org\/2000\/svg&#039; preserveAspectRatio=&#039;none&#039; overflow=&#039;visible&#039; height=&#039;100%&#039; viewBox=&#039;0 0 20 16&#039; fill=&#039;none&#039; stroke=&#039;black&#039; stroke-width=&#039;1&#039; stroke-linecap=&#039;square&#039; stroke-miterlimit=&#039;10&#039;%3E%3Cg transform=&#039;translate(-12.000000, 0)&#039;%3E%3Cpath d=&#039;M28,0L10,18&#039;\/%3E%3Cpath d=&#039;M18,0L0,18&#039;\/%3E%3Cpath d=&#039;M48,0L30,18&#039;\/%3E%3Cpath d=&#039;M38,0L20,18&#039;\/%3E%3C\/g%3E%3C\/svg%3E&quot;);\">\n\t\t\t<span class=\"elementor-divider-separator\">\n\t\t\t\t\t\t<\/span>\n\t\t<\/div>\n\t\t\t\t\t\t<\/div>\n\t\t\t\t<\/div>\n\t\t\t\t<div class=\"elementor-element elementor-element-1527d69 elementor-align-center elementor-icon-list--layout-traditional elementor-list-item-link-full_width elementor-widget elementor-widget-icon-list\" data-id=\"1527d69\" data-element_type=\"widget\" data-widget_type=\"icon-list.default\">\n\t\t\t\t<div class=\"elementor-widget-container\">\n\t\t\t\t\t\t\t<ul class=\"elementor-icon-list-items\">\n\t\t\t\t\t\t\t<li class=\"elementor-icon-list-item\">\n\t\t\t\t\t\t\t\t\t\t\t<a href=\"mailto:contato@aiache.adv.br\">\n\n\t\t\t\t\t\t\t\t\t\t\t\t<span class=\"elementor-icon-list-icon\">\n\t\t\t\t\t\t\t<i aria-hidden=\"true\" class=\"fas fa-envelope\"><\/i>\t\t\t\t\t\t<\/span>\n\t\t\t\t\t\t\t\t\t\t<span class=\"elementor-icon-list-text\">contato@aiache.adv.br<\/span>\n\t\t\t\t\t\t\t\t\t\t\t<\/a>\n\t\t\t\t\t\t\t\t\t<\/li>\n\t\t\t\t\t\t<\/ul>\n\t\t\t\t\t\t<\/div>\n\t\t\t\t<\/div>\n\t\t\t\t\t<\/div>\n\t\t<\/div>\n\t\t\t\t\t<\/div>\n\t\t<\/section>\n\t\t\t\t<\/div>\n\t\t","protected":false},"excerpt":{"rendered":"<p>Artigos In\u00edcio \/ Artigos Precisa de conselhos de advogados especializados? Agende sua consulta de consultoria conosco! Ligue-nos para uma ajuda r\u00e1pida! (68)32246324 contato@aiache.adv.br<\/p>\n","protected":false},"author":1,"featured_media":0,"parent":0,"menu_order":0,"comment_status":"closed","ping_status":"closed","template":"elementor_header_footer","meta":{"footnotes":""},"class_list":["post-155","page","type-page","status-publish","hentry"],"_links":{"self":[{"href":"https:\/\/aiache.pos.tec.br\/index.php\/wp-json\/wp\/v2\/pages\/155","targetHints":{"allow":["GET"]}}],"collection":[{"href":"https:\/\/aiache.pos.tec.br\/index.php\/wp-json\/wp\/v2\/pages"}],"about":[{"href":"https:\/\/aiache.pos.tec.br\/index.php\/wp-json\/wp\/v2\/types\/page"}],"author":[{"embeddable":true,"href":"https:\/\/aiache.pos.tec.br\/index.php\/wp-json\/wp\/v2\/users\/1"}],"replies":[{"embeddable":true,"href":"https:\/\/aiache.pos.tec.br\/index.php\/wp-json\/wp\/v2\/comments?post=155"}],"version-history":[{"count":56,"href":"https:\/\/aiache.pos.tec.br\/index.php\/wp-json\/wp\/v2\/pages\/155\/revisions"}],"predecessor-version":[{"id":1169,"href":"https:\/\/aiache.pos.tec.br\/index.php\/wp-json\/wp\/v2\/pages\/155\/revisions\/1169"}],"wp:attachment":[{"href":"https:\/\/aiache.pos.tec.br\/index.php\/wp-json\/wp\/v2\/media?parent=155"}],"curies":[{"name":"wp","href":"https:\/\/api.w.org\/{rel}","templated":true}]}}